{"id":692,"date":"2021-08-24T17:14:21","date_gmt":"2021-08-24T17:14:21","guid":{"rendered":"http:\/\/190.57.232.171\/capacitacion\/?page_id=692"},"modified":"2021-09-17T13:48:15","modified_gmt":"2021-09-17T13:48:15","slug":"investigacion-y-comite-de-bioetica","status":"publish","type":"page","link":"http:\/\/190.57.232.171\/capacitacion\/index.php\/investigacion-y-comite-de-bioetica\/","title":{"rendered":"INVESTIGACI\u00d3N Y COMIT\u00c9 DE BIO\u00c9TICA"},"content":{"rendered":"<p><span style=\"color: #008000;\"><b>COMIT\u00c9 CENTRAL DE BIO\u00c9TICA EN LA PR\u00c1CTICA Y EN LA INVESTIGACI\u00d3N M\u00c9DICA\u00a0\u00a0<\/b><\/span><\/p>\n<p><span style=\"font-weight: 400;\">Creado mediante Resoluci\u00f3n N\u00b0 101 del Ministerio de Salud del Gobierno de Entre R\u00edos el 13 de febrero de 2013 con el fin de nuclear, controlar y monitorear a los Comit\u00e9s Hospitalarios de Bio\u00e9tica\u00a0 (CHB) creados mediante la Ley Provincial 9799 del 26 de septiembre de 2007. El comit\u00e9 se encarga de velar por el respeto de los fundamentos y principios de la \u00e9tica y los derechos humanos tanto en la pr\u00e1ctica m\u00e9dica como en el desenvolvimiento de las investigaciones biom\u00e9dicas desarrolladas en Entre R\u00edos.\u00a0<\/span><\/p>\n<p><span style=\"color: #008000;\"><b>Dentro de sus funciones se encuentran:<\/b><\/span><\/p>\n<p><span style=\"font-weight: 400;\">\u2013\u00a0\u00a0\u00a0 Reglar y fiscalizar las actividades que lleven adelante los CHB conformados y en conformaci\u00f3n, tanto de instituciones p\u00fablicas como privadas, en el \u00e1mbito de la provincia de Entre R\u00edos.<\/span><span style=\"font-weight: 400;\"><br \/><\/span><span style=\"font-weight: 400;\">\u2013\u00a0\u00a0\u00a0 Implementar un Registro de Comit\u00e9s de Bio\u00e9tica, en el cual se inscriben los CHB del territorio provincial acreditando la documentaci\u00f3n requerida en respeto de la Disposici\u00f3n ANMAT 6677\/10 y la Resoluci\u00f3n del Ministerio de Salud de la Naci\u00f3n N\u00b01480\/11.<\/span><span style=\"font-weight: 400;\"><br \/><\/span><span style=\"font-weight: 400;\">\u2013\u00a0\u00a0\u00a0 Implementar un Registro de Protocolos de Investigaci\u00f3n y los investigadores intervinientes.<\/span><span style=\"font-weight: 400;\"><br \/><\/span><span style=\"font-weight: 400;\">\u2013\u00a0\u00a0\u00a0 Asesorar y asistir a los CHB en las problem\u00e1ticas surgidas de la pr\u00e1ctica o la investigaci\u00f3n m\u00e9dica, cuando las partes interesadas lo requieran.<\/span><span style=\"font-weight: 400;\"><br \/><\/span><span style=\"font-weight: 400;\">\u2013\u00a0\u00a0\u00a0 Analizar, evaluar y emitir opini\u00f3n sobre aquellos protocolos de praxis y\/o proyectos de investigaci\u00f3n m\u00e9dica que presenten controversia o manifiestos conflictos de intereses.<\/span><span style=\"font-weight: 400;\"><br \/><\/span><span style=\"font-weight: 400;\">\u2013\u00a0\u00a0\u00a0 Ser instancia de Apelaci\u00f3n de los proyectos o protocolos rechazados por los Comit\u00e9s Hospitalarios de Bio\u00e9tica acreditados en la Provincia.<\/span><span style=\"font-weight: 400;\"><br \/><\/span><span style=\"font-weight: 400;\">\u2013\u00a0\u00a0\u00a0 Fomentar, planificar e implementar capacitaciones de los miembros de los Comit\u00e9s especialmente en temas relacionados a la Bio\u00e9tica a nivel nacional e internacional y a las Buenas Pr\u00e1cticas de Investigaci\u00f3n M\u00e9dica.<\/span><span style=\"font-weight: 400;\"><br \/><\/span><span style=\"font-weight: 400;\">\u2013\u00a0\u00a0\u00a0 Colaborar y participar en investigaciones en el campo de la salud que sean de inter\u00e9s provincial y nacional y a requerimiento de las instituciones locales y nacionales.<\/span><\/p>\n\n            <div id=\"post-grid-lazy-846\" class=\"post-grid-lazy\"><img alt=\"\" src=\"\"\/><\/div>\r\n        <script>\r\n            jQuery('#post-grid-lazy-846').ready(function($){\r\n                $('#post-grid-lazy-846').fadeOut();\r\n                $('#post-grid-846').fadeIn();\r\n            })\r\n        <\/script>\r\n        <style type=\"text\/css\">\r\n            #post-grid-846{display: none;}\r\n            .post-grid-lazy{\r\n                text-align: center;\r\n            }\r\n        <\/style>\r\n            <div data-options='{\"id\":\"846\",\"lazy_load\":\"yes\",\"masonry_enable\":\"yes\",\"view_type\":\"grid\"}' id=\"post-grid-846\" class=\"post-grid grid\">\r\n            <div class=\"post-grid-search\">\r\n        <form grid_id=\"846\" action=\"http:\/\/190.57.232.171\/capacitacion\/index.php\/investigacion-y-comite-de-bioetica\/\" method=\"get\">\r\n                <div class=\"field-wrap field-wrap-keyword\">\r\n\r\n        <span class=\"search-icon\"><i class=\"fas fa-search\"><\/i><\/span>\r\n        <input grid_id=\"846\" title=\"Press enter to reset\" class=\"search\" type=\"text\" name=\"keyword\" placeholder=\"Comience a tipear\" value=\"\">\r\n\r\n    <\/div>\r\n\r\n\r\n        <div class=\"field-wrap field-wrap-submit\">\r\n\r\n        <input type=\"hidden\" id=\"_wpnonce\" name=\"_wpnonce\" value=\"b81d5207f6\" \/>\r\n        <input type=\"submit\" value=\"Search\">\r\n        <span class=\"search-loading\"><i class=\"fas fa-spinner fa-spin\"><\/i><\/span>\r\n\r\n    <\/div>\r\n\r\n\r\n    \r\n        <\/form>\r\n\r\n    <\/div>\r\n\r\n            <div class=\"grid-items\">\r\n            \r\n    <div class=\"item item-1105 skin flat even 0 \">\r\n                <div class=\"layer-wrapper layout-644\">\r\n                <div class=\"layer-media element_1587187627902\" id=\"\">\r\n        <div class=\"element element_1587190790308  element-media \">\r\n        <a target=\"_self\" href=\"http:\/\/190.57.232.171\/capacitacion\/index.php\/becas-de-investigacion-en-cancer-2022\/\"><img width=\"720\" height=\"721\" src=\"http:\/\/190.57.232.171\/capacitacion\/wp-content\/uploads\/2021\/11\/WhatsApp-Image-2021-11-30-at-08.51.21.jpeg\" class=\"attachment-large size-large wp-post-image\" alt=\"\" loading=\"lazy\" \/><\/a>\r\n\r\n    <\/div>\r\n        <\/div>\r\n        <div class=\"layer-content element_1587187714568\" id=\"\">\r\n        <div class=\"element element_1587187895341  title \">\r\n                    <a target=\"_blank\" href=\"http:\/\/190.57.232.171\/capacitacion\/index.php\/becas-de-investigacion-en-cancer-2022\/\">\u2022\u2022 Becas de Investigaci\u00f3n en C\u00e1ncer 2022 \u2022\u2022<\/a>\r\n\r\n\t\t\r\n\r\n    <\/div>\r\n        <div class=\"element element_1587187729822  excerpt \">\r\n        Se encuentra abierta la inscripci\u00f3n a la #convocatoria anual para #estudiantes avanzadas\/os, graduadas\/os recientes, estudiantes de posgrado o posgraduadas\/os para                    <a target=\"_self\" href=\"http:\/\/190.57.232.171\/capacitacion\/index.php\/becas-de-investigacion-en-cancer-2022\/\">Read more<\/a>\r\n            <\/div>\r\n        <\/div>\r\n            <\/div>\r\n    <\/div>\r\n    \r\n    <div class=\"item item-868 skin flat odd 1 \">\r\n                <div class=\"layer-wrapper layout-644\">\r\n                <div class=\"layer-media element_1587187627902\" id=\"\">\r\n        <div class=\"element element_1587190790308  element-media \">\r\n        <a target=\"_self\" href=\"http:\/\/190.57.232.171\/capacitacion\/index.php\/nomina-de-integrantes\/\"><img width=\"361\" height=\"215\" src=\"http:\/\/190.57.232.171\/capacitacion\/wp-content\/uploads\/2021\/09\/Nomina-integrantes.jpg\" class=\"attachment-large size-large wp-post-image\" alt=\"\" loading=\"lazy\" \/><\/a>\r\n\r\n    <\/div>\r\n        <\/div>\r\n        <div class=\"layer-content element_1587187714568\" id=\"\">\r\n        <div class=\"element element_1587187895341  title \">\r\n                    <a target=\"_blank\" href=\"http:\/\/190.57.232.171\/capacitacion\/index.php\/nomina-de-integrantes\/\">N\u00f3mina de Integrantes<\/a>\r\n\r\n\t\t\r\n\r\n    <\/div>\r\n        <div class=\"element element_1587187729822  excerpt \">\r\n        Resoluci\u00f3n correspondiente a la n\u00f3mina actualizada de miembros del Comit\u00e9 Central de Bio\u00e9tica en la Pr\u00e1ctica y en la Investigaci\u00f3n                    <a target=\"_self\" href=\"http:\/\/190.57.232.171\/capacitacion\/index.php\/nomina-de-integrantes\/\">Read more<\/a>\r\n            <\/div>\r\n        <\/div>\r\n            <\/div>\r\n    <\/div>\r\n    \r\n    <div class=\"item item-736 skin flat even 2 \">\r\n                <div class=\"layer-wrapper layout-644\">\r\n                <div class=\"layer-media element_1587187627902\" id=\"\">\r\n        <div class=\"element element_1587190790308  element-media \">\r\n        <a target=\"_self\" href=\"http:\/\/190.57.232.171\/capacitacion\/index.php\/etica-de-la-investigacion\/\"><img width=\"361\" height=\"215\" src=\"http:\/\/190.57.232.171\/capacitacion\/wp-content\/uploads\/2021\/09\/Acompanar-a-los-que-cuidan-2.jpg\" class=\"attachment-large size-large wp-post-image\" alt=\"\" loading=\"lazy\" \/><\/a>\r\n\r\n    <\/div>\r\n        <\/div>\r\n        <div class=\"layer-content element_1587187714568\" id=\"\">\r\n        <div class=\"element element_1587187895341  title \">\r\n                    <a target=\"_blank\" href=\"http:\/\/190.57.232.171\/capacitacion\/index.php\/etica-de-la-investigacion\/\">\u00c9tica de la investigaci\u00f3n<\/a>\r\n\r\n\t\t\r\n\r\n    <\/div>\r\n        <div class=\"element element_1587187729822  excerpt \">\r\n        El siguiente material audiovisual es difundido por El Programa Regional de Bio\u00e9tica de la OPS y fueron creados en colaboraci\u00f3n                    <a target=\"_self\" href=\"http:\/\/190.57.232.171\/capacitacion\/index.php\/etica-de-la-investigacion\/\">Read more<\/a>\r\n            <\/div>\r\n        <\/div>\r\n            <\/div>\r\n    <\/div>\r\n            <\/div>\r\n            <div class=\"pagination\">\r\n            <div class=\"paginate\">\r\n            <\/div>\r\n    <style type=\"text\/css\">\r\n        #post-grid-846 .pagination .page-numbers{\r\n            font-size:16px;\r\n            color:#fff;\r\n            background:#646464;\r\n        }\r\n        #post-grid-846 .pagination .page-numbers:hover,\r\n        #post-grid-846 .pagination .page-numbers.current{\r\n            background:#4b4b4b;\r\n        }\r\n    <\/style>\r\n        <\/div>\r\n    <style type=\"text\/css\">\r\n.layout-644 .element_1587187627902{\r\n}\r\n<\/style>\r\n    <style type=\"text\/css\">\r\n.layout-644 .element_1587190790308{\r\n    overflow: hidden;\r\n}\r\n@media only screen and (min-width: 1024px ){\r\n    .layout-644 .element_1587190790308{\r\n                height: auto;\r\n        }\r\n}\r\n@media only screen and ( min-width: 768px ) and ( max-width: 1023px ) {\r\n    .layout-644 .element_1587190790308{\r\n            height: auto;\r\n        }\r\n}\r\n@media only screen and ( min-width: 0px ) and ( max-width: 767px ){\r\n    .layout-644 .element_1587190790308{\r\n            height: auto;\r\n        }\r\n}\r\n<\/style>\r\n    <style type=\"text\/css\">\r\n.layout-644 .element_1587187714568{\r\n    margin: 10px;\r\n}\r\n<\/style>\r\n    <style type=\"text\/css\">\r\n.layout-644 .element_1587187895341{\r\n    font-size: 18px;\r\n    margin: 5px 0px;\r\n    text-align: left;\r\n}\r\n.layout-644 .element_1587187895341 a{\r\n    font-size: 18px;\r\n}\r\n<\/style>\r\n    <style type=\"text\/css\">\r\n.layout-644 .element_1587187729822{\r\n    font-size: 13px;\r\n    margin: 0px 0px;\r\n    text-align: left;\r\n}\r\n.layout-644 .element_1587187729822 a{\r\n    font-size: 13px;\r\n}\r\n<\/style>\r\n    \r\n            \r\n            <style type=\"text\/css\">\r\n            .layout-644 a{text-decoration:none}.layout-644{vertical-align:top}.layout-644 .layer-content{padding:10px}        <\/style>\r\n        <script>\r\n                    jQuery('#post-grid-lazy-846').ready(function($){\r\n                var $container = $('#post-grid-846 .grid-items');\r\n                $container.masonry({\r\n                    itemSelector: '.item',\r\n                    columnWidth: '.item', \/\/as you wish , you can use numeric\r\n                    isAnimated: true,\r\n                    isFitWidth: true,\r\n                    horizontalOrder: true,\r\n                });\r\n                $container.imagesLoaded().done( function() {\r\n                    $container.masonry('layout');\r\n                });\r\n            })\r\n            <\/script>\r\n        <style type=\"text\/css\">\r\n        #post-grid-846 {\r\n                    padding:10px;\r\n                                        }\r\n        #post-grid-846 .grid-items{\r\n                    text-align: center;\r\n                }\r\n        #post-grid-846 .item{\r\n                    margin:10px;\r\n                            padding:0px;\r\n                            background:#fff;\r\n                }\r\n        #post-grid-846  .item .layer-media{\r\n            height:auto;        }\r\n        @media only screen and ( min-width: 0px ) and ( max-width: 767px ) {\r\n\r\n            #post-grid-846 .grid-items{\r\n                        }\r\n\r\n\r\n            #post-grid-846 .item{\r\n                            width:90%;\r\n                        height:auto;            }\r\n        }\r\n        @media only screen and ( min-width: 768px ) and ( max-width: 1023px ) {\r\n            #post-grid-846 .grid-items{\r\n                        }\r\n\r\n            #post-grid-846 .item{\r\n                            width:280px;\r\n                        max-height:auto;            }\r\n        }\r\n        @media only screen and (min-width: 1024px ){\r\n\r\n            #post-grid-846 .grid-items{\r\n                        }\r\n\r\n\r\n            #post-grid-846 .item{\r\n                            width:280px;\r\n                        height:auto;            }\r\n        }\r\n\r\n        \r\n\r\n    <\/style>\r\n        <\/div>\r\n    \n","protected":false},"excerpt":{"rendered":"<p>COMIT\u00c9 CENTRAL DE BIO\u00c9TICA EN LA PR\u00c1CTICA Y EN LA INVESTIGACI\u00d3N M\u00c9DICA\u00a0\u00a0 Creado mediante Resoluci\u00f3n N\u00b0 101 del Ministerio de Salud del Gobierno de Entre&hellip;<\/p>\n","protected":false},"author":2,"featured_media":0,"parent":0,"menu_order":0,"comment_status":"closed","ping_status":"closed","template":"","meta":[],"_links":{"self":[{"href":"http:\/\/190.57.232.171\/capacitacion\/index.php\/wp-json\/wp\/v2\/pages\/692"}],"collection":[{"href":"http:\/\/190.57.232.171\/capacitacion\/index.php\/wp-json\/wp\/v2\/pages"}],"about":[{"href":"http:\/\/190.57.232.171\/capacitacion\/index.php\/wp-json\/wp\/v2\/types\/page"}],"author":[{"embeddable":true,"href":"http:\/\/190.57.232.171\/capacitacion\/index.php\/wp-json\/wp\/v2\/users\/2"}],"replies":[{"embeddable":true,"href":"http:\/\/190.57.232.171\/capacitacion\/index.php\/wp-json\/wp\/v2\/comments?post=692"}],"version-history":[{"count":4,"href":"http:\/\/190.57.232.171\/capacitacion\/index.php\/wp-json\/wp\/v2\/pages\/692\/revisions"}],"predecessor-version":[{"id":867,"href":"http:\/\/190.57.232.171\/capacitacion\/index.php\/wp-json\/wp\/v2\/pages\/692\/revisions\/867"}],"wp:attachment":[{"href":"http:\/\/190.57.232.171\/capacitacion\/index.php\/wp-json\/wp\/v2\/media?parent=692"}],"curies":[{"name":"wp","href":"https:\/\/api.w.org\/{rel}","templated":true}]}}